{"id":819,"date":"2026-02-02T17:26:17","date_gmt":"2026-02-02T16:26:17","guid":{"rendered":"http:\/\/alumno07.shopenlaces.com.es\/alumno07wp\/?page_id=819"},"modified":"2026-02-02T17:26:17","modified_gmt":"2026-02-02T16:26:17","slug":"adidas-samba","status":"publish","type":"page","link":"http:\/\/alumno07.shopenlaces.com.es\/alumno07wp\/?page_id=819","title":{"rendered":"Adidas samba"},"content":{"rendered":"\n<p> Blanco y negro con suela marr\u00f3n de goma<\/p>\n\n\n\n<div class=\"wp-block-stackable-carousel stk-block-carousel stk--is-slide stk--arrows-justify-space-between stk--arrows-align-center stk-block stk-ff15ee1\" data-slides-to-show=\"\" data-block-id=\"ff15ee1\"><div class=\"stk-block-carousel__content-wrapper\"><div class=\"stk-row stk-inner-blocks stk-block-content stk-block-carousel__slider-wrapper stk-content-align stk-ff15ee1-column\"><div class=\"stk-block-carousel__slider\" role=\"list\" data-autoplay=\"4000\" data-label-slide-of=\"Slide %%d of %%d\" tabindex=\"0\">\n<div class=\"wp-block-stackable-column stk-block-column stk-column stk-block stk-c2d7496\" data-v=\"4\" data-block-id=\"c2d7496\"><div class=\"stk-column-wrapper stk-block-column__content stk-container stk-c2d7496-container stk--no-background stk--no-padding\"><div class=\"stk-block-content stk-inner-blocks stk-c2d7496-inner-blocks\">\n<div class=\"wp-block-stackable-image aligncenter stk-block-image stk-block stk-d3a01d6\" data-block-id=\"d3a01d6\"><style>.stk-d3a01d6 .stk-img-wrapper{width:450px !important;height:486px !important;}<\/style><figure><span class=\"stk-img-wrapper stk-image--shape-stretch\"><img loading=\"lazy\" decoding=\"async\" class=\"stk-img wp-image-820\" src=\"http:\/\/alumno07.shopenlaces.com.es\/alumno07wp\/wp-content\/uploads\/2026\/02\/images-2.png\" width=\"192\" height=\"256\"\/><\/span><\/figure><\/div>\n<\/div><\/div><\/div>\n\n\n\n<div class=\"wp-block-stackable-column stk-block-column stk-column stk-block stk-2b09b93\" data-v=\"4\" data-block-id=\"2b09b93\"><div class=\"stk-column-wrapper stk-block-column__content stk-container stk-2b09b93-container stk--no-background stk--no-padding\"><div class=\"stk-block-content stk-inner-blocks stk-2b09b93-inner-blocks\">\n<div class=\"wp-block-stackable-image aligncenter stk-block-image stk-block stk-c2b0524\" data-block-id=\"c2b0524\"><style>.stk-c2b0524 .stk-img-wrapper{width:450px !important;height:464px !important;}<\/style><figure><span class=\"stk-img-wrapper stk-image--shape-stretch\"><img loading=\"lazy\" decoding=\"async\" class=\"stk-img wp-image-821\" src=\"http:\/\/alumno07.shopenlaces.com.es\/alumno07wp\/wp-content\/uploads\/2026\/02\/Captura1-1.png\" width=\"419\" height=\"464\" srcset=\"http:\/\/alumno07.shopenlaces.com.es\/alumno07wp\/wp-content\/uploads\/2026\/02\/Captura1-1.png 419w, http:\/\/alumno07.shopenlaces.com.es\/alumno07wp\/wp-content\/uploads\/2026\/02\/Captura1-1-271x300.png 271w\" sizes=\"auto, (max-width: 419px) 100vw, 419px\" \/><\/span><\/figure><\/div>\n<\/div><\/div><\/div>\n\n\n\n<div class=\"wp-block-stackable-column stk-block-column stk-column stk-block stk-2c5f781\" data-v=\"4\" data-block-id=\"2c5f781\"><div class=\"stk-column-wrapper stk-block-column__content stk-container stk-2c5f781-container stk--no-background stk--no-padding\"><div class=\"stk-block-content stk-inner-blocks stk-2c5f781-inner-blocks\">\n<div class=\"wp-block-stackable-image aligncenter stk-block-image stk-block stk-51c04f7\" data-block-id=\"51c04f7\"><style>.stk-51c04f7 .stk-img-wrapper{width:572px !important;height:458px !important;}<\/style><figure><span class=\"stk-img-wrapper stk-image--shape-stretch\"><img loading=\"lazy\" decoding=\"async\" class=\"stk-img wp-image-822\" src=\"http:\/\/alumno07.shopenlaces.com.es\/alumno07wp\/wp-content\/uploads\/2026\/02\/Captura11-1.png\" width=\"461\" height=\"343\" srcset=\"http:\/\/alumno07.shopenlaces.com.es\/alumno07wp\/wp-content\/uploads\/2026\/02\/Captura11-1.png 461w, http:\/\/alumno07.shopenlaces.com.es\/alumno07wp\/wp-content\/uploads\/2026\/02\/Captura11-1-300x223.png 300w\" sizes=\"auto, (max-width: 461px) 100vw, 461px\" \/><\/span><\/figure><\/div>\n<\/div><\/div><\/div>\n<\/div><div class=\"stk-block-carousel__buttons\"><button class=\"stk-block-carousel__button stk-block-carousel__button__prev\" aria-label=\"Previous slide\"><svg aria-hidden=\"true\" focusable=\"false\" data-prefix=\"fas\" data-icon=\"chevron-left\" class=\"svg-inline--fa fa-chevron-left\" xmlns=\"http:\/\/www.w3.org\/2000\/svg\" viewBox=\"0 0 320 512\" width=\"32\" height=\"32\"><path d=\"M34.52 239.03L228.87 44.69c9.37-9.37 24.57-9.37 33.94 0l22.67 22.67c9.36 9.36 9.37 24.52.04 33.9L131.49 256l154.02 154.75c9.34 9.38 9.32 24.54-.04 33.9l-22.67 22.67c-9.37 9.37-24.57 9.37-33.94 0L34.52 272.97c-9.37-9.37-9.37-24.57 0-33.94z\"><\/path><\/svg><\/button><button class=\"stk-block-carousel__button stk-block-carousel__button__next\" aria-label=\"Next slide\"><svg aria-hidden=\"true\" focusable=\"false\" data-prefix=\"fas\" data-icon=\"chevron-right\" class=\"svg-inline--fa fa-chevron-right\" xmlns=\"http:\/\/www.w3.org\/2000\/svg\" viewBox=\"0 0 320 512\" width=\"32\" height=\"32\"><path d=\"M285.476 272.971L91.132 467.314c-9.373 9.373-24.569 9.373-33.941 0l-22.667-22.667c-9.357-9.357-9.375-24.522-.04-33.901L188.505 256 34.484 101.255c-9.335-9.379-9.317-24.544.04-33.901l22.667-22.667c9.373-9.373 24.569-9.373 33.941 0L285.475 239.03c9.373 9.372 9.373 24.568.001 33.941z\"><\/path><\/svg><\/button><\/div><\/div><div class=\"stk-block-carousel__dots\" role=\"list\" data-label=\"Slide %%d\"><\/div><\/div><\/div>\n\n\n\n<p><strong>Categor\u00eda:<\/strong> SNEAKER <\/p>\n\n\n\n<p><strong>Precio: <\/strong>89\u00b499\u20ac<\/p>\n\n\n\n<p><strong>Referencia:<\/strong> R022<\/p>\n\n\n\n<div class=\"wp-block-stackable-text stk-block-text stk-block stk-4a12547\" data-block-id=\"4a12547\"><p class=\"stk-block-text__text\"><strong>DESCRIPCI\u00d3N LARGA<\/strong><\/p><\/div>\n\n\n\n<p>Zapatillas de cuero blanco con puntera en ante gris y suela de goma, un cl\u00e1sico urbano que nunca pasa de moda. C\u00f3modas, resistentes y con un estilo retro \u00fanico, son el toque perfecto para destacar tu look diario con confort y actitud. Se adaptan a las tallas del <strong>38 al 41.<\/strong><\/p>\n\n\n\n<ul class=\"wp-block-list\">\n<li>Cuero blanco con puntera en ante gris.<\/li>\n\n\n\n<li>Suela de goma color caramelo antideslizante.<\/li>\n\n\n\n<li>Tres bandas negras y logo dorado.<\/li>\n\n\n\n<li>Dise\u00f1o cl\u00e1sico y urbano.<\/li>\n\n\n\n<li>C\u00f3modas para uso diario.<\/li>\n<\/ul>\n\n\n\n<p><\/p>\n","protected":false},"excerpt":{"rendered":"<p>Blanco y negro con suela marr\u00f3n de goma Categor\u00eda: SNEAKER Precio: 89\u00b499\u20ac Referencia: R022 DESCRIPCI\u00d3N LARGA Zapatillas de cuero blanco con puntera en ante gris y suela de goma, un cl\u00e1sico urbano que nunca pasa de moda. C\u00f3modas, resistentes y con un estilo retro \u00fanico, son el toque perfecto para destacar tu look diario con [&hellip;]<\/p>\n","protected":false},"author":1,"featured_media":0,"parent":0,"menu_order":0,"comment_status":"closed","ping_status":"closed","template":"","meta":{"footnotes":""},"class_list":["post-819","page","type-page","status-publish","hentry"],"blocksy_meta":[],"_links":{"self":[{"href":"http:\/\/alumno07.shopenlaces.com.es\/alumno07wp\/index.php?rest_route=\/wp\/v2\/pages\/819","targetHints":{"allow":["GET"]}}],"collection":[{"href":"http:\/\/alumno07.shopenlaces.com.es\/alumno07wp\/index.php?rest_route=\/wp\/v2\/pages"}],"about":[{"href":"http:\/\/alumno07.shopenlaces.com.es\/alumno07wp\/index.php?rest_route=\/wp\/v2\/types\/page"}],"author":[{"embeddable":true,"href":"http:\/\/alumno07.shopenlaces.com.es\/alumno07wp\/index.php?rest_route=\/wp\/v2\/users\/1"}],"replies":[{"embeddable":true,"href":"http:\/\/alumno07.shopenlaces.com.es\/alumno07wp\/index.php?rest_route=%2Fwp%2Fv2%2Fcomments&post=819"}],"version-history":[{"count":1,"href":"http:\/\/alumno07.shopenlaces.com.es\/alumno07wp\/index.php?rest_route=\/wp\/v2\/pages\/819\/revisions"}],"predecessor-version":[{"id":823,"href":"http:\/\/alumno07.shopenlaces.com.es\/alumno07wp\/index.php?rest_route=\/wp\/v2\/pages\/819\/revisions\/823"}],"wp:attachment":[{"href":"http:\/\/alumno07.shopenlaces.com.es\/alumno07wp\/index.php?rest_route=%2Fwp%2Fv2%2Fmedia&parent=819"}],"curies":[{"name":"wp","href":"https:\/\/api.w.org\/{rel}","templated":true}]}}